 + -3. Suppose -v*g = -6*g + 380. Is g prime?
False
Suppose -2*l + f = 4*f + 140, -2*l - 5*f = 132. Is (l/2)/((-4)/6) a composite number?
True
Suppose y = -5*f + 21, 4*y + 5*f - 11 = 13. Let b be (y/(-1))/(1/(-3)). Suppose 0 = -4*v - b*u - 2*u + 657, 0 = 4*u - 4. Is v prime?
True
Let x(n) = n**2 - 5*n + 7. Let k be x(5). Suppose 18 = 5*u - q, k + 3 = 5*q. Suppose -s + 0*s = -u*a - 17, -2*a - 175 = -5*s. Is s composite?
False
Let u(n) = -n**3 - 10*n**2 - 10*n - 8. Let l be u(-9). Is 319*(0 + l) - -4 a composite number?
True
Is 2 + 39 - 6/(-3) a composite number?
False
Let h(z) = z**3 - 7*z**2 - 21*z + 7. Is h(10) a composite number?
False
Let a = 372 + -73. Is a a prime number?
False
Let d = -7268 + 11480. Is 3/(-12) - d/(-16) composite?
False
Let q = 1495 - 938. Is q composite?
False
Suppose 5*f + 214 = 6*f. Suppose 4*d = 4, 0*b + b + 3*d = f. Is b a prime number?
True
Let h(m) = -186*m - 10. Is h(-4) a composite number?
True
Let q = 4 - -1. Suppose -f + 20 = q. Is f prime?
False
Let l(z) = -108*z + 39. Let w(t) = -31*t + 11. Suppose 2*c - 20 = 6*c. Let k(y) = c*l(y) + 18*w(y). Is k(-5) composite?
True
Suppose 4*w - 85 = 251. Suppose m - w = -9. Suppose -6*b + m = -b. Is b a prime number?
False
Let l be (-1280)/12 + (-12)/9. Let w = l + 199. Is w composite?
True
Suppose -l - 10 = 5*j - 3*l, 5*j - 5*l + 10 = 0. Is 92 + j/((-6)/9) composite?
True
Is 5/((-30)/18)*1742/(-6) prime?
False
Let t be 1/(3/(-2))*-615. Suppose -h = -3*m - 70, -5*m = 5*h - 0*m - t. Is h a prime number?
True
Let l(g) = -g**3 + 5*g**2 + 2. Let d be l(5). Let h be (75/d)/(-5)*-2. Suppose h = 3*w - 78. Is w a prime number?
True
Is (-2 - 24/9)*-3 composite?
True
Suppose o + 0*f - 185 = -2*f, 5*f + 206 = o. Is o prime?
True
Is (-14)/(-8)*(-1 + 5277) prime?
False
Suppose 0 = -3*l + 8*l - 25. Suppose 2*j = -m + 7 - 0, l = -5*j + 5*m. Suppose 0 = -0*d + j*d - 74. Is d a composite number?
False
Suppose -3*v - 268 = -5*v. Let y = -21 + v. Is y a composite number?
False
Is (4 - (-65)/30) + 2/(-12) prime?
False
Suppose 9*p - 6*p - 93 = 0. Is p a prime number?
True
Let v be ((-4)/2)/(5/130). Is v*-7*3/12 a composite number?
True
Let r(p) be the third derivative of -p**6/24 + p**5/15 - p**4/12 + p**3/2 - 2*p**2. Let h be r(3). Let c = h + 355. Is c prime?
False
Let d(m) = -16*m**2 - 4*m - 7. Let v(z) = -z**2 + z + 1. Let j(s) = -d(s) - 4*v(s). Let p be j(4). Let a = p - 174. Is a composite?
False
Let l = 939 - 618. Is l a prime number?
False
Suppose -21 = -0*j - j + 4*n, -n + 6 = 2*j. Let v be -2*(-1)/2*-2. Let u = j + v. Is u a composite number?
False
Is -1*(1 - 0) + 398 a composite number?
False
Suppose 0*w = -5*w. Let x(z) = z**3 - z**2 + z + 358. Is x(w) prime?
False
Let a(n) = n**2 + n + 1. Let l be a(-2). Suppose u = l*i + 44, 4*i - 6 = -3*u + 165. Is u a composite number?
False
Let d(s) = 9*s**3 - 8*s**2 + 2*s - 8. Let q be d(-6). Let j be q/(-6) - 8/(-12). Is j/10 + (-15)/25 composite?
False
Let h(x) = -2*x**3 - 7*x**2 - 6*x + 10. Let a be h(-8). Suppose 0 = 3*u - 5*p - a, -3*p - 1060 = -5*u + 2*p. Is u prime?
False
Let u(a) = 3*a**2 - 2*a + 8. Let h be u(5). Suppose -5*z - h = -558. Is z a prime number?
True
Let y(v) = 7*v**2 + 38*v + 16. Is y(-11) a composite number?
True
Suppose 4*a - 689 = -9*a. Is a a composite number?
False
Let b(y) = 2*y**2 - 4*y + 2. Let x be b(2). Let m be (1/x)/((-3)/(-24)). Suppose m*c = -3*t + 51, 2*c + 3*c + 57 = 2*t. Is t prime?
False
Suppose -111 + 21 = 5*n. Is 458/6 - 12/n composite?
True
Let v be (4/8)/(1/260). Let c = 236 - v. Is c composite?
True
Let l(v) be the first derivative of 15*v**2/2 + 2*v - 2. Let k be (-1)/(((-2)/(-2))/(-3)). Is l(k) prime?
True
Suppose -10877 = -5*j + 17508. Is j a prime number?
False
Let q = 176 + -28. Suppose 383 - q = 5*n. Is n a prime number?
True
Let r be 0/((-1)/((-2)/(-4))). Suppose 0*s - 5 = -s - 3*k, -8 = -5*s + 2*k. Is (7*13 - s) + r a composite number?
False
Suppose -2*d + 12 = -16. Let n = -4 + d. Suppose n - 105 = -5*q. Is q a composite number?
False
Suppose 3*t - 2*b = b + 24, 0 = t + 3*b + 4. Let h(f) = -f - 6. Let g be h(-6). Suppose -2*x + 7 = -x - 3*p, g = 5*x + t*p - 55. Is x composite?
True
Is 0 + 4 + -3 - -418 a prime number?
True
Suppose 14 = -4*a - 82. Let i = 38 + a. Is i a prime number?
False
Let c = 41 - 6. Is c prime?
False
Suppose -460 = -4*f + 5*n + 56, f = n + 129. Suppose -4*t = -t - f. Is t a composite number?
False
Suppose -2*v + 2*s + 122 = 0, -4*v + s = -239 + 1. Is v prime?
True
Let f(d) = -d**3 + 2*d**2 + 5*d - 2. Let h be f(3). Let y be -1*(h + -2 - 4). Let b(a) = 11*a**3 + a**2 + 3*a - 1. Is b(y) a prime number?
True
Let d = 8 + -3. Suppose -48 - 4 = -3*g - d*k, -2*g + 28 = 2*k. Is g a composite number?
True
Let v(q) = -q**2 + 5*q - 4. Suppose 5 - 20 = -3*d. Let g be v(d). Is g/6 - (-41)/3 a prime number?
True
Suppose -339 = -3*n - 5*y, 4*n + 0*y + y - 452 = 0. Is n a composite number?
False
Let u be 14/4*-2*-5. Is -1 - 0 - u/(-1) a prime number?
False
Let v(w) = w**2 + 6 + 5*w + 0*w**2 + 6*w + 0*w**2. Is v(-11) a prime number?
False
Is (-17589)/(-9) + (-85)/(-15) + -6 composite?
True
Let z = 15 - 9. Let l be 4/3 + 4/z. Suppose 12 = 4*b, 128 = 3*a - a - l*b. Is a a prime number?
True
Is ((-106)/10)/((-11)/55) prime?
True
Let r be 4 - 5 - -1*13. Suppose -3 - r = -3*x. Suppose 75 = x*s + 5. Is s composite?
True
Let f be -1 + 2 - (-2 - -3). Suppose f*g - 5 = -5*g, -2*h + 2*g = 8. Is (55 - 0) + h + 3 prime?
False
Let u(w) = -20*w + 5. Is u(-7) a prime number?
False
Let r(x) = 4*x**2 - 4*x + 7. Suppose 0 = 4*a - 4 - 12. Suppose 4 = a*z - 20. Is r(z) prime?
True
Suppose 4*r - 2*r = 3*b + 15, 0 = -3*r + 5*b + 25. Suppose 4*x - 235 = -3*z, 5*x - 2*z = -r*z + 288. Is x prime?
False
Suppose -2*b = -209 - 3. Is b prime?
False
Let p(u) = 3*u**2 - 3*u - 5. Is p(4) prime?
True
Suppose -3 = -3*l + 3. Suppose 0 = 5*w - l*w. Suppose w = 2*k - k - 33. Is k a prime number?
False
Let m(g) = g - 16. Let a be m(9). Let u = 10 - 24. Let p = a - u. Is p a composite number?
False
Let x(n) = n**3 - 6*n**2 + n - 1. Let t be x(6). Suppose 0 = -2*v + 2, -c - 291 = -3*c - t*v. Is c prime?
False
Suppose q + x - 58 = 255, -642 = -2*q + 2*x. Is q prime?
True
Let o = -2 - 6. Is (-2)/o - (-2454)/8 composite?
False
Let c(v) = -v - 5. Let s be c(-7). Suppose 2*o + 0*o = -s. Let a(j) = 77*j**2. Is a(o) prime?
False
Let z be (80/(-6))/(3/(-36)). Let o = -47 + z. Let d = o - -14. Is d prime?
True
Suppose -u - 4*v + 1103 - 46 = 0, 5195 = 5*u + 2*v. Is u prime?
False
Let i(f) = -f**3 + 17*f**2 - 11*f - 23. Is i(16) a composite number?
True
Let z(k) be the third derivative of k**5/60 - 3*k**4/8 - k**2. Let r be z(9). Suppose -f + 0*f + 35 = r. Is f a composite number?
True
Let f(w) = -185*w**3 - w**2 - w - 1. Is f(-2) a composite number?
True
Suppose 2*w - 185 = w + 2*v, -2*w + 365 = -5*v. Suppose l = -4*l + w. Is l a prime number?
False
Let o(f) = f**2 - f - 1. Let g be o(3). Suppose -g*z = 148 - 8. Is z/(-6)*(-30)/(-4) composite?
True
Suppose 0 = 5*v + 10, 2*o + v = -2*o + 14. Let u(p) = 2*p**2 - 3*p**2 - 9 + o + 11*p. Is u(6) a prime number?
False
Let f = 1 - 3. Let y be 2*(f - -3) + -2. Is (-19)/2*(y + -2) a prime number?
True
Suppose d + d + f = -2, 4*f = -4*d + 4. Suppose 2*r + 49 + 9 = 0. Let s = d - r. Is s composite?
True
Let j(d) = 5*d + 3. Let u be j(5). Let b = 62 - u. Is b a prime number?
False
Suppose -2*t - 3*r - 189 = -698, 3*r = 4*t - 1045. Is t a prime number?
False
Let y(m) be the first derivative of -1/4*m**4 + 5*m + 4*m**2 + 10/3*m**3 - 3. Is y(10) prime?
False
Let h = 0 + 0. Suppose h = -w + 47 + 5. Suppose -5*t - a + w = 18, -3*a - 17 = -2*t. Is t composite?
False
Let q = 5 + -3. Let s be (0 + q*-3)*-2. Suppose -4*i + s = -64. Is i prime?
True
Suppose 231 + 271 = 2*b. Is b composite?
False
Suppose 3*u = -3, -5*u = s + 308 - 3082. Is s a prime number?
False
Let p = -11 - -17. Suppose -p*x + x + 345 = 3*o, 5*x = 5*o + 345. Is x a composite number?
True
Suppose -11 - 9 = -2*t. Suppose -3*k = -2*s + t, -5*k + k - 25 = -5*s. Suppose 3*y + 3*u = 132, -2*y + 111 = s*u + 20. Is y a prime number?
True
Is 361*(-4)/(-2) - 3/1 prime?
True
Is (-2)/6*1965/(-1) prime?
False
Suppose -3*w - 83 = y, -w + 6*w = -2*y - 171. Let x = 127 + -292. Let i = y - x. Is i a composite number?
False
Suppose -5*h = -3*q - q